
12112133
In base 8, what is -41445 - -2?
-41443
In base 12, what is -92 - 2190?
-2262
In base 2, what is -100100001011111 + -10?
-100100001100001
In base 8, what is -204276 - -2?
-204274
In base 15, what is -4836 - ae?
-48e5
In base 13, what is 809 + 28?
834
In base 9, what is -5 + 1355?
1350
In base 3, what is -12000200 + -100?
-12001000
In base 15, what is -5640 - -2?
-563d
In base 8, what is -4 - 44424?
-44430
In base 3, what is -22112221020 + 2?
-22112221011
In base 12, what is -10 + -248997?
-2489a7
In base 7, what is -104 - 14?
-121
In base 12, what is -a53a - -14b?
-a3ab
In base 13, what is 4 + 422a?
4231
In base 5, what is 102 + -124021?
-123414
In base 15, what is -35 + 739?
704
In base 13, what is 43165 - -4?
43169
In base 6, what is -11213 + -121?
-11334
In base 3, what is -1 - -10021000212?
10021000211
In base 12, what is 5 - 166365?
-166360
In base 15, what is 43 + -39e?
-35b
In base 3, what is 2221 - 220100?
-210102
In base 12, what is -295714 + 5?
-29570b
In base 10, what is 14348 + -35?
14313
In base 2, what is 11010101101 - 11001?
11010010100
In base 3, what is 222200011 - -1?
222200012
In base 14, what is 71 - -539?
5aa
In base 3, what is 10 + 222000211?
222000221
In base 2, what is -1 - 1011111000101100011?
-1011111000101100100
In base 9, what is 7326226 - 4?
7326222
In base 9, what is -135122 + -50?
-135172
In base 11, what is 55 + -4235?
-4190
In base 14, what is 1c6 + 27?
20d
In base 11, what is -194165 - 1?
-194166
In base 7, what is 101 + -4134?
-4033
In base 14, what is -142 + -9?
-14b
In base 6, what is -115 - 10111?
-10230
In base 9, what is -440348 + 3?
-440345
In base 11, what is -272 - 1?
-273
In base 3, what is 10001200 - 1?
10001122
In base 14, what is -abbd + 5?
-abb8
In base 4, what is -23 - 12021023?
-12021112
In base 4, what is -1013221 + 3320?
-1003301
In base 3, what is -2 - -1012121101?
1012121022
In base 7, what is -100126 - -221?
-66605
In base 7, what is -1106 + 10?
-1066
In base 9, what is 1 - 13676?
-13675
In base 9, what is -226335 - -7?
-226327
In base 7, what is -1 - 2553?
-2554
In base 9, what is 4878284 + -4?
4878280
In base 12, what is -44 - -25150?
25108
In base 4, what is -1300200 + -1?
-1300201
In base 15, what is 2c - 2912?
-28d5
In base 2, what is 10011011111111000 - 1001100?
10011011110101100
In base 12, what is 107 + -b06?
-9bb
In base 15, what is -4 + 8271?
826c
In base 15, what is 1d + -134b?
-132d
In base 7, what is -144016 - 1?
-144020
In base 11, what is -18a - -459?
27a
In base 16, what is -3 + -d536?
-d539
In base 8, what is -5 + -43644?
-43651
In base 15, what is 25 + -17c?
-157
In base 6, what is -123334 - 5?
-123343
In base 10, what is -1333 - 79?
-1412
In base 16, what is -1c1 - 8?
-1c9
In base 3, what is 112201211 - 12?
112201122
In base 14, what is -6ab + d?
-69c
In base 2, what is 10000 - -111101011010?
111101101010
In base 15, what is -39 - 5a9?
-5e3
In base 6, what is 11 - 1115?
-1104
In base 10, what is 4 - -13047?
13051
In base 11, what is 8a3a7 + -4?
8a3a3
In base 7, what is -2 - 122202?
-122204
In base 5, what is 10110 + -323?
4232
In base 11, what is -2914 + 16?
-28a9
In base 9, what is 127 - 411?
-273
In base 11, what is -13 - 2977?
-298a
In base 11, what is a319 - -20?
a339
In base 5, what is 300 + 102030?
102330
In base 13, what is 3242 + 1?
3243
In base 12, what is 7 - 55671?
-55666
In base 2, what is 1111101001001111100000 - 10?
1111101001001111011110
In base 13, what is -343 - -50?
-2c3
In base 7, what is 346613 - 3?
346610
In base 6, what is 23151 + -3?
23144
In base 10, what is -48406 + 13?
-48393
In base 13, what is b588 + 5?
b590
In base 6, what is -233200 + 2?
-233154
In base 7, what is 5 - -52235?
52243
In base 13, what is 0 + 6626?
6626
In base 8, what is 102057 - 53?
102004
In base 7, what is 1 + -1202604?
-1202603
In base 14, what is 25c3 + -2?
25c1
In base 15, what is 36 - 4ca?
-494
In base 15, what is 5 - 652b?
-6526
In base 11, what is 1121 + -483?
749
In base 11, what is -4260 + 37?
-4224
In base 16, what is 5 - 5587?
-5582
In base 13, what is 1b7 - -4b07?
4cc1
In base 3, what is -21 - -1022111102?
1022111011
In base 16, what is -9 + -12e?
-137
In base 9, what is 87 - -1546?
1644
In base 11, what is -71555 - -17?
-71539
In base 4, what is -130 - 3232032?
-3232222
In base 2, what is 111010010001000 + -11101?
111010001101011
In base 13, what is 9 - -664b?
6657
In base 9, what is 6820 - 1?
6818
In base 15, what is 2 - 2017?
-2015
In base 15, what is -1e7be - 1?
-1e7c0
In base 13, what is -5 + b3194?
b318c
In base 16, what is b1 - -100c?
10bd
In base 11, what is -43 + 3a7?
364
In base 2, what is -100111101110101 - -100?
-100111101110001
In base 4, what is -131113 - 110?
-131223
In base 6, what is -32500 + -5?
-32505
In base 2, what is -1001001111010000001010 - 1?
-1001001111010000001011
In base 3, what is 11100011200 - 110?
11100011020
In base 8, what is 22344 + -4?
22340
In base 7, what is -3265 + 6244?
2646
In base 14, what is 4 + -309a84?
-309a80
In base 8, what is 26 + 23034?
23062
In base 5, what is 32 - -1101413?
1102000
In base 7, what is 13301 - -12?
13313
In base 6, what is -1214 + 10140?
4522
In base 16, what is b - 2497?
-248c
In base 4, what is 122332203 - -1?
122332210
In base 13, what is 78 - 27?
51
In base 16, what is 1f - 5da5?
-5d86
In base 7, what is -662141 + -20?
-662161
In base 16, what is 3 - 8f768?
-8f765
In base 15, what is 0 + -a95a?
-a95a
In base 2, what is 1000100000011010 + 1001000?
1000100001100010
In base 14, what is 8c3 - 6b?
856
In base 15, what is 6 - 3d3?
-3cc
In base 5, what is -44 - 21011?
-21110
In base 16, what is 2159ba + -1?
2159b9
In base 3, what is 0 + -21202201002?
-21202201002
In base 13, what is 662 + -4?
65b
In base 10, what is -49 - -27743?
27694
In base 2, what is 101 + 101111100111101?
101111101000010
In base 15, what is 4 + 13128b?
131290
In base 14, what is 5 + -29372?
-2936b
In base 5, what is 10 - 312221?
-312211
In base 9, what is -308 + 1032?
623
In base 5, what is -3 - 41041042?
-41041100
In base 3, what is -12 + -101002012010?
-101002012022
In base 9, what is -81 - 375?
-466
In base 8, what is -6 - 132477?
-132505
In base 13, what is 266 + -41?
225
In base 7, what is 6 - -105015?
105024
In base 8, what is 2 - -16053?
16055
In base 4, what is -2031 - -11111?
3020
In base 16, what is -16 + -2552?
-2568
In base 10, what is -488 - -10262?
9774
In base 10, what is 122762 + -8?
122754
In base 4, what is -1230 + 22201?
20311
In base 6, what is 2051422 - -5?
2051431
In base 6, what is 23 - -130223?
130250
In base 6, what is 431 + 200350?
201221
In base 13, what is -503109 + 3?
-503106
In base 8, what is -1126 + -33?
-1161
In base 4, what is 322 + -20331003?
-20330021
In base 10, what is -22726 + -4?
-22730
In base 10, what is 60 + -441?
-381
In base 16, what is ee + 156?
244
In base 14, what is -20b8 - 116?
-21d0
In base 5, what is -1 - 302104?
-302110
In base 16, what is 161de - e?
161d0
In base 15, what is 258 + -88?
1c0
In base 13, what is 0 - 16353?
-16353
In base 5, what is -144140120 - 4?
-144140124
In base 9, what is 5 - 5286?
-5281
In base 2, what is -1 + -11100011010000?
-11100011010001
In base 9, what is 448485 - 5?
448480
In base 9, what is -103 - -172?
68
In base 6, what is -43 - 3050011?
-3050054
In base 5, what is 2 - -2202043?
2202100
In base 14, what is 12958 + -8?
12950
In base 7, what is 3 + 13101315?
13101321
In base 10, what is -5090 + -3?
-5093
In base 12, what is -8 + -12357?
-12363
In base 10, what is -3 - 31941?
-31944
In base 10, what is -16773 - -3?
-16770
In base 3, what is -2102212121 + 1?
-2102212120
In base 12, what is -2538 + -475?
-29b1
In base 13, what is -1 + 26436?
26435
In base 7, what is 56010 + -62?
55615
In base 12, what is -1229 - 40?
-1269
In base 11, what is 373 - -72?
435
In base 8, what is 3 - -27071?
27074
In base 15, what is -3 + -2310d?
-23111
In base 9, what is -30271 + 103?
-30167
In base 7, what is 4 - -2660210?
2660214
In base 14, what is 7bd54 + 0?
7bd54
In base 15, what is 208c + -6?
2086
In base 3, what is 122 - -1010101112?
1010102011
In base 4, what is -1012303333 - 10?
-1012310003
In base 7, what is 64 - -3366?
3463
In base 10, what is 235 - 1337?
-1102
In base 13, what is -73 - b8?
-15b
In base 6, what is -2 + 125432?
125430
In base 7, what 